tor of 19928341?
False
Is 556562924 a multiple of 1346?
True
Is 14 a factor of 255917739?
False
Is 265097952 a multiple of 2016?
True
Is 44196641 a multiple of 1770?
False
Is 91 a factor of 137764354?
True
Is 5678084 a multiple of 295?
False
Is 222064908 a multiple of 9204?
True
Does 22 divide 2966788968?
True
Does 92 divide 1053308?
True
Is 35 a factor of 92328173?
False
Is 633 a factor of 207554488?
False
Is 108 a factor of 455321628?
True
Does 28 divide 82343597?
False
Is 357788290 a multiple of 5023?
True
Is 136633383 a multiple of 8?
False
Does 191 divide 1757513622?
True
Is 361413 a multiple of 22?
False
Is 50 a factor of 729908520?
False
Is 211813731 a multiple of 475?
False
Is 496353238 a multiple of 20?
False
Does 41 divide 122398997?
False
Is 111735338 a multiple of 22?
True
Is 66899700 a multiple of 60?
True
Is 2 a factor of 9710123?
False
Does 250 divide 263083322?
False
Is 165732125 a multiple of 2076?
False
Does 339 divide 9405001?
False
Is 147 a factor of 29651617?
False
Does 206 divide 1089647677?
False
Is 5369369 a multiple of 3?
False
Does 18 divide 473340492?
True
Is 77 a factor of 15138970?
True
Is 1090 a factor of 259129254?
False
Is 3074 a factor of 133343652?
False
Does 66 divide 52978398?
True
Is 13244770 a multiple of 10?
True
Is 169084123 a multiple of 2332?
False
Does 12 divide 91992828?
True
Is 592 a factor of 8945712?
True
Is 170592731 a multiple of 240?
False
Is 4283472 a multiple of 16?
True
Does 746 divide 687206994?
True
Is 17 a factor of 9447223?
True
Does 559 divide 281795617?
False
Is 4478936 a multiple of 15?
False
Is 38742658 a multiple of 21?
False
Is 109912340 a multiple of 2160?
False
Does 14 divide 6358562?
True
Does 1371 divide 31590270?
False
Is 118286058 a multiple of 33?
True
Does 1562 divide 2191479598?
False
Does 1191 divide 375203804?
False
Does 9 divide 1581519798?
True
Does 519 divide 102380016?
True
Does 1644 divide 3972096348?
True
Does 137 divide 856531?
False
Does 503 divide 11839111?
True
Does 3982 divide 3236502741?
False
Is 163 a factor of 31872494?
False
Does 305 divide 30667445?
True
Is 211 a factor of 401033851?
False
Is 258 a factor of 1079164464?
True
Is 95161796 a multiple of 202?
True
Does 3 divide 415962154?
False
Is 48654136 a multiple of 1292?
True
Does 9 divide 915736834?
False
Is 26781629 a multiple of 141?
False
Does 54 divide 43843572?
True
Is 64 a factor of 278925491?
False
Is 1676 a factor of 7538648?
True
Does 2 divide 819972705?
False
Does 422 divide 140918660?
False
Is 1665455274 a multiple of 129?
True
Is 110 a factor of 475017284?
False
Is 6863 a factor of 566238172?
False
Does 3269 divide 874550090?
False
Is 23888738 a multiple of 17?
False
Is 6 a factor of 3688858?
False
Does 302 divide 49232644?
True
Is 3122135 a multiple of 115?
True
Does 2871 divide 104312398?
False
Is 36926634 a multiple of 267?
True
Is 1116124261 a multiple of 7?
True
Is 31 a factor of 2797166004?
False
Is 1730347920 a multiple of 84?
True
Is 4216 a factor of 189871211?
False
Is 27859461 a multiple of 785?
False
Is 10114625 a multiple of 71?
False
Is 42196110 a multiple of 6?
True
Does 150 divide 3910546429?
False
Is 333885 a multiple of 15?
True
Is 41589881 a multiple of 809?
True
Is 10 a factor of 8258117?
False
Does 915 divide 20853363?
False
Does 2096 divide 48453232?
True
Is 1315951196 a multiple of 71?
False
Is 209895888 a multiple of 24?
True
Is 28306004 a multiple of 16?
False
Does 2814 divide 306889212?
True
Does 276 divide 20417100?
True
Is 242584696 a multiple of 68?
True
Does 34 divide 194211?
False
Is 2 a factor of 169829779?
False
Is 60593546 a multiple of 874?
True
Is 111 a factor of 559971468?
True
Is 38 a factor of 826129896?
False
Is 384 a factor of 1938120850?
False
Does 2105 divide 436275980?
False
Is 11 a factor of 133088263?
True
Is 6309270 a multiple of 2?
True
Is 2837519 a multiple of 31?
False
Does 7435 divide 6185526374?
False
Is 23 a factor of 16144436?
True
Does 30 divide 47166246?
False
Is 552 a factor of 920805000?
True
Is 180 a factor of 6439387860?
True
Is 9796248 a multiple of 93?
True
Is 180 a factor of 154390282?
False
Is 230 a factor of 304369350?
True
Is 131301476 a multiple of 5?
False
Does 129 divide 6984189?
True
Does 12 divide 4975779?
False
Is 111307830 a multiple of 1437?
False
Is 8798734 a multiple of 816?
False
Is 49 a factor of 378721?
True
Does 36 divide 70609000?
False
Does 46 divide 16523338?
True
Does 254 divide 78852522?
True
Is 25 a factor of 1098277423?
False
Does 145 divide 643290035?
True
Does 70 divide 84647461?
False
Does 14 divide 9101750?
True
Is 26 a factor of 19011824?
True
Is 1055 a factor of 78600968?
False
Is 50 a factor of 43653798?
False
Is 411 a factor of 109459575?
True
Is 145752757 a multiple of 3095?
False
Does 3564 divide 333836316?
True
Does 8 divide 17253656?
True
Does 1048 divide 23567424?
True
Is 14 a factor of 823892676?
False
Is 440049990 a multiple of 106?
True
Is 22 a factor of 26237750?
True
Is 137357760 a multiple of 199?
True
Is 33532680 a multiple of 412?
True
Does 16 divide 853618832?
True
Does 8 divide 686767414?
False
Is 380 a factor of 221796500?
True
Is 188799320 a multiple of 40?
True
Does 12 divide 7466434?
False
Is 25880064 a multiple of 609?
True
Is 13652750 a multiple of 28?
False
Is 3220 a factor of 35825720?
True
Is 13 a factor of 174050847?
False
Does 6 divide 1314584?
False
Is 1050681008 a multiple of 37?
True
Is 2138196013 a multiple of 29?
True
Is 18877310 a multiple of 10?
True
Is 4379 a factor of 356594782?
False
Is 54410070 a multiple of 30?
True
Is 76306038 a multiple of 2?
True
Is 52319232 a multiple of 32?
True
Is 830 a factor of 46685010?
True
Does 15 divide 25303846?
False
Is 123740506 a multiple of 218?
True
Is 198 a factor of 98560866?
False
Is 1600 a factor of 10668134?
False
Is 6 a factor of 709296290?
False
Is 157 a factor of 2909197?
False
Does 46 divide 210475346?
True
Is 571 a factor of 3070815436?
False
Is 183501310 a multiple of 105?
False
Is 267194076 a multiple of 4?
True
Does 234 divide 2447629474?
False
Is 83771885 a multiple of 37?
True
Is 4010 a factor of 198454900?
True
Is 430770130 a multiple of 1817?
False
Does 6098 divide 2078015460?
True
Is 385731093 a multiple of 33?
True
Is 204 a factor of 582170508?
True
Is 61 a factor of 2049207780?
False
Does 650 divide 11119153?
False
Does 10 divide 132196520?
True
Does 14 divide 99356204?
False
Does 282 divide 19970676?
True
Is 3 a factor of 394714?
False
Is 1232977137 a multiple of 442?
False
Is 966 a factor of 2734927068?
False
Is 396502392 a multiple of 264?
True
Is 34917938 a multiple of 34?
False
Is 42434659 a multiple of 164?
False
Is 205444872 a multiple of 3002?
True
Is 1032 a factor of 58602764?
False
Is 599279311 a multiple of 3786?
False
Is 389605399 a multiple of 28?
False
Is 40886737 a multiple of 191?
False
Is 686 a factor of 22971396?
True
Does 639 divide 439686365?
False
Is 2336089 a multiple of 46?
False
Is 218 a factor of 40920344?
True
Is 154 a factor of 5300607928?
True
Is 2302852673 a multiple of 19?
False
Does 514 divide 1845280560?
True
Is 680 a factor of 63475960?
True
Is 2117 a factor of 10979833?
False
Does 3641 divide 876661775?
True
Is 14 a factor of 294970956?
True
Is 12 a factor of 4114448?
False
Does 61 divide 3412028967?
False
Is 284 a factor of 11685863?
False
Is 28 a factor of 57723148?
True
Is 75 a factor of 29124900?
True
Is 2383093 a multiple of 2?
False
Does 85 divide 552107215?
True
Does 27 divide 135438678?
False
Is 21 a factor of 799840734?
True
Does 20 divide 4107900?
True
Does 141 divide 757721678?
False
Is 70 a factor of 34571654?
False
Is 223 a factor of 1034176995?
True
Does 319 divide 6514399?
False
Is 10 a factor of 33518348?
False
Is 9 a factor of 232080804?
True
Is 5 a factor of 648309900?
True
Is 11305149 a multiple of 7?
False
Is 2513356690 a multiple of 1846?
True
Does 192 divide 803428845?
False
Does 2846 divide 529828436?
True
Is 2073 a factor of 211761096?
True
Is 7777240 a multiple of 6?
False
Is 2 a factor of 84588780?
True
Is 225342645 a multiple of 33?
True
Does 37 divide 1359258845?
False
Does 16 divide 3405867296?
True
Does 1197 divide 715211091?
True
Does 3697 divide 265338369?
False
Is 709228711 a multiple of 83?
False
Is 9 a factor of 613281342?
False
Does 3